factors of r(0)?
7
What are the prime factors of ((-30)/(-8))/3 - 18/432*-1097274?
13, 3517
Suppose 10*m - 182430 = 4*m - 12*m. List the prime factors of m.
5, 2027
Suppose -113*g - 162354 = -119*g. List the prime factors of g.
27059
Let c(o) = 609*o - 495. List the prime factors of c(5).
2, 3, 5, 17
Let l = 145624 - 87196. What are the prime factors of l?
2, 3, 541
Let s be (-2)/(-24)*37/(296/96)*132. Let l = 2 + 3. Suppose -l*z + 677 = s. List the prime factors of z.
109
Suppose 0 = -22*q + 26 + 62. Suppose -s + c + 959 = 0, 0 = -5*s + q*c - 0*c + 4797. What are the prime factors of s?
31
Suppose 4*g - g = 0, 2*g = -l + 9. Suppose -15 = -2*c + l. Let n(q) = q**2 - 10*q - 21. What are the prime factors of n(c)?
3
Let m = -21 - -13. Let z be 22/(-6)*m + (-160)/120. Let o = 241 - z. List the prime factors of o.
3, 71
Suppose -4*g + 6*g + 12825 = 3*g. What are the prime factors of g?
3, 5, 19
Let h be ((-3)/(-4) - 150/40) + -1. Let w be ((-2)/h)/(7/(-714)). Let p = w + 141. List the prime factors of p.
2, 3, 5
Let k(b) = 115*b - 7. Let x be k(3). Suppose 0 = 4*o - 1050 - x. List the prime factors of o.
347
Let i(l) = 7*l**3 + 5*l - 7. Suppose -v = -1, -3*v = -5*h - 34 + 1. Let m be 9/h*4/(-3). What are the prime factors of i(m)?
59
List the prime factors of (370900/(-800))/((-4)/32).
3709
Suppose 4*h - 242 = -2*y, 6*y + 150*h - 661 = 151*h. Let j be (0 - 0) + 4*23. Suppose y = 7*t - j. What are the prime factors of t?
29
Let k(z) = 6*z - 111. Let v be k(19). Suppose -4*t = -8*t + v*f + 2371, 3*t - 1777 = 2*f. List the prime factors of t.
19, 31
Let k(a) = 45*a**3 - 7*a**2 - 96*a + 52. List the prime factors of k(9).
2, 19, 827
Let g = 27486 + -12780. List the prime factors of g.
2, 3, 19, 43
Let w = 236 - 250. What are the prime factors of (-6)/7 - 1650/w?
3, 13
Suppose 34006 = q + p + 2620, 62774 = 2*q + p. List the prime factors of q.
2, 7, 19, 59
Let f be (28/(-8))/((-2)/(-4)). Let l be 75/(-100)*32/(-1). Let q = f + l. List the prime factors of q.
17
Suppose 20*l + 0*l - 16640 = 0. Suppose -3*t + l + 269 = 0. What are the prime factors of t?
367
Let x = 173 - 173. Suppose 4*j = j - 477. What are the prime factors of (-16)/12*(j/2 - x)?
2, 53
Let g = 10039 + 728. List the prime factors of g.
3, 37, 97
Let l = 16645 + -3837. List the prime factors of l.
2, 1601
Suppose 0 = -d + 532 - 537, f = 4*d + 124. Let n be (-26)/(-3)*6/1. Suppose 0 = j + 2*r - n, -2*j - 3*r + f = 1. What are the prime factors of j?
2, 5
Suppose -36 = -7*c - 22. List the prime factors of (c/(-7))/((-2)/3647).
521
Suppose -38*m - 40*m = -19*m - 1962163. List the prime factors of m.
7, 4751
What are the prime factors of 15 + 243435*(-5)/(-15)?
2, 5, 2029
Suppose 0 = -10*u + 20 + 20. Suppose -u*o + 1131 = m - 4*m, -5*o + 1420 = -5*m. List the prime factors of o.
3, 31
Suppose 0 = j + 3*d + 2*d + 24, 3*d + 13 = -2*j. Let r be -4 - (2 + -6 + j). Let p(v) = -138*v**3 - 3*v - 2. What are the prime factors of p(r)?
139
Let s = -107 + 109. Suppose -s*n + 2464 = 9*n. List the prime factors of n.
2, 7
Suppose -c + 0*c - 6724 = -2*i, -5*i = 5*c - 16780. Suppose 8*a + 20*a = i. List the prime factors of a.
2, 3, 5
Suppose 6*v - 19*v + 10296 = 0. Let t = 921 - v. What are the prime factors of t?
3, 43
Suppose -279*p = -8408350 + 2689408. What are the prime factors of p?
2, 37, 277
Let p be (-2)/(-12)*6 - (0 - 1). Suppose 3*c + 3*h = 294, 3*c - 256 = -p*h + 37. What are the prime factors of c?
97
Let j(t) = 42*t - 1. Let u be j(-5). Suppose -428*q + 422*q + 2256 = 0. Let c = q + u. List the prime factors of c.
3, 5, 11
Let p(v) = 4*v + 10. Let j be p(15). Let x = j - 72. Let n = x - -54. What are the prime factors of n?
2, 13
Let g = 61 - 56. Suppose -t = -5*y + 13, -2*y + g*y - 11 = -t. List the prime factors of (-5)/(-10)*48/y.
2
Suppose -a - 46 = -5*q + 52, -2*a - 157 = 3*q. Let p = 218 + a. List the prime factors of p.
3, 5
Let m(x) = -x**2 + 7*x - 6. Let a be m(4). Let f(s) = 64*s - 9. Let q be f(a). Let c = -192 + q. List the prime factors of c.
3, 61
Let y = -36 + 32. Let s(l) = -69*l + 6. Let b be s(y). Suppose b = 4*d - d. What are the prime factors of d?
2, 47
Let u(a) = -a**3 - 30*a**2 - 26*a - 1286. What are the prime factors of u(-46)?
2, 16883
Let k(l) = -4*l**3 - 2*l**2 - 3*l. Let p = 25 - 28. Let s be k(p). Suppose -3*q = n - 4*q - 93, -n - 2*q + s = 0. List the prime factors of n.
5, 19
What are the prime factors of 6789 + 10/(40/(-12))?
2, 3, 13, 29
Suppose 132 = 6*w + 6*w. Suppose -15*f + 1100 = -w*f. What are the prime factors of f?
5, 11
Let m = -396 + 400. Suppose -m*z + 39 = -p + 272, 4*z = -2*p + 514. List the prime factors of p.
3, 83
What are the prime factors of (1611/72)/((-9)/(-5124)) - 15/18?
2, 3, 11, 193
Let v(c) = -c**3 + 16*c**2 - 14*c - 12. Let j = 14 - -1. Let n be v(j). What are the prime factors of 22 - 3*2*1/n?
2, 5
Let o(d) = 2*d + 30. Let n be o(7). Suppose 2 - n = -14*t. Suppose 4*i = 2*a + 728, 3*a + 715 = t*i + 166. What are the prime factors of i?
181
Let u = 906 - 604. List the prime factors of u.
2, 151
Let r = 3843 + 800. What are the prime factors of r?
4643
Let h be (-2)/8 + -1 + 4385/20. What are the prime factors of (-29 - -28)/((-1)/h)?
2, 109
Let j(v) = -14*v + 3. Let z be -403*((-2)/4)/(4/(-8)). Let n be z/143 - 3*(-2)/(-33). What are the prime factors of j(n)?
3, 5
Suppose -2*u + 2*z + 986 = -1624, 2*u + 4*z - 2616 = 0. What are the prime factors of 5 - (11/44 + u/(-8))?
2, 3, 7
Suppose 2*j - 8*s + 3*s - 107 = 0, -4*s + 200 = 4*j. Let d = 30 - j. What are the prime factors of (-4)/(-14) - 1401/d?
67
Suppose 0 = -4*r + 6*r - 18. Suppose -2539 = -r*o + 53. What are the prime factors of o?
2, 3
Let l = -115 + 99. Let i(g) = -4*g - 9. List the prime factors of i(l).
5, 11
Let u = 1233 - 737. Suppose u = 3*b - 11*b. Let q = 273 + b. List the prime factors of q.
211
Let a = -548 - -271. Let j = 880 + a. What are the prime factors of j?
3, 67
Let s = 479 - 505. What are the prime factors of s/195 - 7817/(-15) - -1?
2, 3, 29
Let l = -1427 - -1013. Let f = l - -428. List the prime factors of f.
2, 7
Suppose -4*i + 68 = 80. What are the prime factors of 208*(i + (3/2 - -3))?
2, 3, 13
Suppose 64466 + 34048 = c + 12*c. List the prime factors of c.
2, 3, 421
Suppose -3*x + 11642 = -3877. Suppose 136*c - 143*c + x = 0. List the prime factors of c.
739
Suppose 160*h - 123685 - 129595 = 0. What are the prime factors of h?
1583
Let y = -215 + 703. Let s = y + -38. List the prime factors of s.
2, 3, 5
Suppose 0 = -0*m - 3*m + 4524. Suppose -5144 = -6*y - m. List the prime factors of y/4 + 2/(-4).
151
Let r = -425 + 770. Let g = -41 + r. What are the prime factors of g?
2, 19
Let r = 280 + 326. Suppose 0 = 5*g - 2*g - 2*t - 458, -4*g + 5*t = -r. List the prime factors of g.
2, 7, 11
Let f = 931 + 333. Suppose -8*u - f = -12*u. What are the prime factors of u?
2, 79
Let c(h) = -8*h**2 - 7*h**2 + 0*h + 276 + 4*h + 16*h**2. List the prime factors of c(0).
2, 3, 23
Let c = 13249 + -8181. List the prime factors of c.
2, 7, 181
Let l = 517 + -508. Suppose -8*k = -l*k + 761. What are the prime factors of k?
761
Suppose -2*h - 5*z + 496 = -3*z, -5*h + z + 1210 = 0. List the prime factors of h/(-108)*148/(-3).
3, 37
Suppose 35*l = -5*l + 342240. List the prime factors of l.
2, 3, 23, 31
Let w be -8*3*4/(-24). Let n be (-9)/(27/(-2202))*2/w. Suppose 5*p = -2*q + n, 2*q - p = -3*p + 382. What are the prime factors of q?
2, 7
What are the prime factors of ((-11*(-1)/22)/(-1))/(6/(-506508))?
42209
Let m be 0 - 0 - (12/3 + -94). Suppose 15 = -3*h + m. What are the prime factors of (-608)/(-6) - (1 - h/15)?
2, 3, 17
Suppose -2703 = -13*g + 2978. Let c = g + 706. List the prime factors of c.
3, 127
Let w = 49 - 51. List the prime factors of 6 + w + (-2750)/(-11).
2, 127
Let m = 104179 - 14709. What are the prime factors of m?
2, 5, 23, 389
Suppose 0 = -3*r + 4*l + 56538, -5*l + 94195 = -1392*r + 1397*r. List the prime factors of r.
2, 9421
Let u = -14793 - -48932. List the prime factors of u.
7, 4877
Let n(z) = 2*z**2 + 11*z - 76. Let l(c) = -36*c - 246. Let q be l(-7). List the prime factors of n(q).
2, 31
Suppose -6396*v = -6415*v + 456285. List the prime factors of v.
3, 5, 1601
Let s = 3 - -1. What are the prime factors of (s/3)/((-6)/(-648))?
2, 3
Suppose 